be 2 - (-64)/(5 + -1). Let x be c/(-15)*20/(-3). Is (-1876)/(-12) + x/12 a composite number?
False
Suppose 3115929 + 2467413 = 138*b. Is b composite?
False
Suppose -4*f + 10*x + 4696 = 9*x, -3*f - 5*x = -3522. Is f a composite number?
True
Suppose -3*v + 1332 = 2*a, -a + 977 = 2*v + 89. Suppose 5*h + v = h. Is h*5/(-4 + -1) a prime number?
False
Suppose -2*v + 5*v - 5*x = -32, 0 = 5*v - 2*x + 47. Let f(o) = -o**3 + 11*o + 1037*o**2 - 522*o**2 - 522*o**2 + 0*o - 10. Is f(v) a composite number?
False
Let t be (((-9)/(-6))/(-3))/((-1)/6). Suppose -r + 3147 = 2*r - 5*h, -t*r = -3*h - 3147. Is r a prime number?
True
Suppose 4*s = 3*a + 2*s + 14224, 5*a - 2*s = -23704. Let m be ((-2)/(-3))/((-4)/a). Is 3/(-9)*3 + m a composite number?
True
Let i = 4 + 7. Suppose 10*v - i*v + 145 = 0. Is v a prime number?
False
Suppose 190 = 4*j - 150. Is j/((-25)/(-5))*5 a composite number?
True
Let y = -32045 + 58354. Is y a prime number?
True
Let k be 1 - 1 - 3*-1414. Let g be ((-1)/(-3))/(14/k). Suppose 4*d = g + 131. Is d composite?
True
Suppose 2*f = 2*v + 71798, -8*v = -f - 13*v + 35887. Is f a prime number?
True
Let d(r) = -394*r - 23. Let m = -61 - -57. Is d(m) composite?
False
Suppose -3*f - 1911 = -6*f. Is (-2 + 7 - 1) + f composite?
False
Let v(u) = 22*u**2 + 2*u + 9. Let m be -7*((1 - -1) + -1). Let w be v(m). Suppose 4*o = 5*l - w, -4*l + 0*o + 860 = -4*o. Is l composite?
True
Let y(r) = -191*r + 32. Is y(-1) a composite number?
False
Suppose -p + 5*f + 2 = -5, 4*f = -4*p + 4. Suppose 4*t + j + 204 = 5*t, 1055 = 5*t + p*j. Suppose -2*z = 3*h - 2*h - t, 5*h - 4*z = 1045. Is h a prime number?
False
Suppose -1420 = -2*v + 2*j, -3*j - 704 = -5*v + 4*v. Suppose -r - v = -2*k, -k + r + 187 = -167. Is k a composite number?
False
Suppose 3*v + 9*v - 86196 = 0. Is v a prime number?
False
Suppose 3*x = 3*o - 5*o - 24, -o = 3*x + 9. Let c = 15 + o. Suppose -3*j + 2*j + 557 = c. Is j composite?
False
Suppose 0 = -2*o - 8577 + 45531. Suppose o = -n + 10*n. Is n prime?
True
Suppose 16847 = 2*q + 15*q. Is q prime?
True
Suppose 4*v - 2*t - 24 = 0, -4*v - 2*t = v - 21. Suppose -3*i - 2*r = -8163, -4*r = v*i - 9*i + 10864. Is i composite?
False
Let c(h) = h**3 + 2*h**2 - 46*h + 15. Let r be c(-7). Let z be ((-2)/(-6))/((-3)/(-99)). Let y = r + z. Is y a composite number?
False
Let c(k) = -k**3 + k**2 - 13*k - 3. Let l be c(-7). Let b = l - 182. Is b a prime number?
False
Let y(d) = d**2 + 11*d - 6. Let q be y(-9). Let m = q + 913. Is m a prime number?
False
Suppose -8 = -2*c + 2. Suppose -4*p - c*b = 22, p + p = 3*b. Is 469 - (p - (3 + -6)) composite?
True
Suppose -4*l + 8 = -3*c, -4*l = -12 + 4. Suppose -3*v = -0*g + g - 1769, g - 2 = c. Is v composite?
True
Let f = 2138 - -467. Is f composite?
True
Let z(f) = -f**2 + 16*f + 19. Let q be z(17). Suppose -3*m - q*m = -60. Let g(u) = u**2 + 16*u + 5. Is g(m) composite?
True
Suppose -3*a - 83429 = -22*a. Is a prime?
True
Let u(s) = 11*s**2 + 5*s + 2. Let f be u(-1). Let v = -22 - -14. Is (v/12)/(f/(-1956)) a composite number?
False
Let m = -15 + 19. Suppose -m*v = -1108 - 1104. Is v a composite number?
True
Suppose 67073 = 5*n + 2*i, -3*n + i + 40241 = 5*i. Is n a composite number?
True
Let v be (-8 - 0)/((-10)/555). Suppose 2*k + 14 = 2*u, -3*u = -6*u - k + 13. Suppose -3*n + v = l, u*l + 611 = -n + 5*n. Is n composite?
False
Let r = -78 + 1477. Is r a composite number?
False
Let l = 228 + 305. Is l a prime number?
False
Let k = -71 - -73. Suppose -3069 = -5*r + k*i - i, -4*r + 2456 = -i. Is r composite?
False
Suppose -257749 = -3*d - 17*p + 13*p, 0 = -6*d - 4*p + 515494. Is d composite?
True
Let a(v) = 40*v**2 + 9*v - 26. Is a(-13) a prime number?
False
Is (-35)/6 + (-3)/18 + 10535 composite?
False
Is (-2069)/(-4) - (-9)/(-324)*9 a prime number?
False
Suppose c - 4 = 3*c. Is (-5 - 707/c)/(1/2) prime?
False
Let k = -901 - -1610. Suppose 236 = 3*j - 3*g - k, -4 = -2*g. Is j composite?
False
Is (-2)/(-3) - 47168/(-132) a composite number?
True
Let d = 114 + -15. Suppose 18 = -3*f - d. Let w = -26 - f. Is w a composite number?
False
Let s(g) = -39947*g**3 - 18*g - 18. Is s(-1) a composite number?
True
Suppose g - 15801 = 3*r + 2987, -18773 = -g - 2*r. Is g a composite number?
True
Let o(r) = 4*r**2 + 13*r + 8. Let y be o(22). Suppose y = 5*x - 2245. Is x composite?
True
Let l = 2759 + -1893. Let g(v) = v**2 - 6*v - 15. Let t be g(7). Is (-3)/(-4) - l/t a composite number?
False
Let a(s) = -s**3 + 18*s**2 - 6*s + 24. Let z be a(17). Let p = 296 - z. Is p prime?
False
Let z(n) = 2*n**3 + 15*n**2 + 7*n + 6. Let m be z(-10). Is (7/(-21))/(2/m) a prime number?
False
Suppose 28*t = 22*t + 83346. Is t prime?
False
Let v be 60/16 - (-21)/(-28). Suppose 0*z = -2*k + z + 317, -v*k + 488 = z. Is k a composite number?
True
Let n be ((-14)/(-35))/((-2)/10). Let x(o) = o**3 - 6*o**2 + 8*o - 6. Let z be x(5). Is (n - (-1 - z)) + 2 a prime number?
False
Let z(u) = -50*u + 58. Let x(p) = -49*p + 58. Let o(s) = 4*x(s) - 3*z(s). Is o(-18) a prime number?
False
Let o = -4209 - -9118. Is o a prime number?
True
Suppose 5*z = 3*h - 0*h - 120, 0 = -h + 3*z + 40. Suppose 5*w - h + 15 = 0. Suppose 2303 = w*x - 1112. Is x a prime number?
True
Suppose -b + 2 = 1, 4*v + 3*b - 4711 = 0. Suppose -4*k = -t + 6*t - v, 0 = 2*t - 2. Is k a prime number?
True
Suppose -3*b - w = 943, 4*w - 283 + 915 = -2*b. Is 6/9 + (-2)/(12/b) a prime number?
True
Suppose 0 = 9*u - 2*u - 14. Suppose x + 44 = -5*i + 3*x, 0 = -u*i - 5*x - 35. Is (2 + i/4)*-254 a composite number?
False
Let y = 27969 - 7106. Is y a prime number?
False
Suppose -4*h = -4*y + 8828, -5*y - h + 4910 = -6155. Suppose 2735 = 5*z + 5*f, -2*f - y = -5*z + z. Is z prime?
False
Let f(o) = 5329*o**2 + 6*o - 19. Is f(2) composite?
True
Let c be 5*(36/(-15))/(-1). Let u = 11 - c. Is 8*(-5)/u - 1 a composite number?
True
Let t(o) = 34*o**3 + 2*o**2 + o - 9. Is t(4) composite?
False
Suppose -6*m = -2*m - 16. Let i be ((-15)/m)/(2/(-536)). Suppose g = -4*g + i. Is g a composite number?
True
Suppose -2*q - 4*l = -2*l + 14, -4*l = 2*q + 24. Is 1/2*q + (-752)/(-4) composite?
True
Suppose 5*l - 40053 = -4*j, -10315 = -j + 5*l - 333. Is j a composite number?
False
Let m(i) = i**3 - 11*i**2 - 3*i + 11. Let w(q) = -3*q**3 + 33*q**2 + 10*q - 34. Let p(t) = -7*m(t) - 2*w(t). Let f be 3 - (-24)/6 - -1. Is p(f) a prime number?
True
Let r = 55 + -51. Suppose -r*s + 1629 = -2647. Is s prime?
True
Suppose 1214 = d - 2*b, -3*d + 2*b + 3656 = 3*b. Let g = d + -587. Is g composite?
False
Let f(l) = 24*l + 101. Let j(x) = -8*x - 34. Let n(p) = 3*f(p) + 8*j(p). Is n(7) composite?
True
Suppose 1 = 5*j - 9. Suppose 2*y - 859 = -t + 4*t, 5*y - 2*t = 2153. Suppose 0 = -3*c + j*c + y. Is c a composite number?
False
Is (1 + -6 + 6)/((-2)/(-15338)) a prime number?
True
Let f = -4425 - -7493. Suppose 0*t - 4*t + f = 0. Is t composite?
True
Let c(v) = 146*v + 123. Is c(23) prime?
False
Is ((-27)/(-12) - 1)/((-7)/(-15764)) prime?
False
Let k be 44/(-7) - (-18)/63. Is (k*1801/(-2))/3 a prime number?
True
Let g = 33 + -29. Suppose 0 = -3*f + 20795 - 8069. Suppose g*w - 2*w - f = -4*u, -3*u + 5*w + 3188 = 0. Is u a composite number?
False
Let f be (6*(-3)/3)/(-10 + 8). Suppose 0 = -y - f*y + 4844. Is y a composite number?
True
Suppose -3*q = -80135 - 45304. Is q prime?
True
Suppose -37*h + 33*h + 868 = 0. Suppose 5*w + 3*s = s + 1109, 2*s + h = w. Is w a prime number?
False
Let d = 75 - 75. Suppose -2*f = 0, 3*w - 2*f - 2661 = -d*w. Is w composite?
False
Suppose -3*h - 3*u = 9, 6*u - u = 5. Let x be (3 - -2)*(-764)/(-10). Is x/(3 + 4/h) a composite number?
False
Let h(m) = -10*m - 3. Let t(i) = 19*i + 5. Let y(n) = -7*h(n) - 4*t(n). Let r be y(1). Let o = 32 - r. Is o a composite number?
False
Let h = -7 + 12. Let d be (-998)/(-3) + (-2)/(-6). Suppose h*o = 3*l + 2078, o - d = 3*l + 85. Is o prime?
False
Let f(p) = 27*p**2 - 16*p + 283. Is f(26) prime?
True
Let k(a) = -10*a - 98. Let y be k(-10). Suppose -3*g - 7 - 8 = 0, 915 = 5*c + 2*g. Suppose y*l = c + 241. Is l prime?
False
Let f be (-2)/(-6) + 736/24. Let y = 19 - f. Is (-1)/(y/(-328))*-3 composite?
True
Is ((-78)/12 + 9)*478 a composite number?
True
Suppose -4*d + 47144 + 4116 = 0. Suppose 0 = -2*q + 2*j + 2360 + 6162, 3*q = -5*j + d. Is q prime?
False
Let d be 166/(-3)*(-4 - -1). Le